-5*p + 3*x = -30, -5*p - 2*x + 8 = 3. What is the tens digit of (-189)/(-5) + p/15?
3
Let t be (-54)/(-15) - (-2)/5. Let d be (-16)/t*(-34)/8. Let r = -12 + d. What is the units digit of r?
5
Suppose 0 = -4*k - 2*v - 2*v + 328, 0 = 2*k - v - 164. What is the units digit of k?
2
Let q(a) = a**3 - 2*a**2 - 2*a - 1. Let t be q(3). Let d be t/(-8) + 63/12. Let s(w) = w**2 - 3*w - 6. What is the units digit of s(d)?
4
Suppose -5*r - 2 = 3*v, -2*v + 9*r - 18 = 4*r. Let d be v/14 + (-96)/(-42). Suppose -7 - 1 = -d*q. What is the units digit of q?
4
Suppose 3*r = 3*w + 15 - 78, 2*w + 2*r - 50 = 0. What is the tens digit of w?
2
Let b(o) be the third derivative of o**4/2 + o**2. What is the tens digit of b(1)?
1
Let k = 14 + -10. Suppose -37 - 9 = -k*r + 2*v, 5*v + 25 = r. What is the units digit of r?
0
What is the units digit of 11 - 11 - (-1 + -7*1)?
8
Suppose 0 = g + 4*g + 3*t - 126, -4*t = -g + 39. What is the tens digit of (-3)/(-2 - g/(-15))?
1
Suppose 5*o + 35 = 115. What is the tens digit of 42*4/o*2?
2
Let m = -1 + -5. Let k(l) = l**3 + 7*l**2 + 3*l - 5. What is the tens digit of k(m)?
1
Suppose 2*m - 4*m + 10 = 0. Suppose m*f - 30 = 10. What is the units digit of f?
8
Suppose -5*o = 2*t - 195, -o = 2*t - 7*t - 12. What is the units digit of o?
7
What is the units digit of ((-61)/(-2))/(2/4)?
1
Suppose -3*b = 3*h - 228, 8*b + 25 = 3*b. What is the tens digit of h?
8
Let p(n) = -2*n**2 + 8*n - 1 + n - 2. Let q be p(6). What is the units digit of q*(10/6 + -2)?
7
Let w = 3 - -16. Suppose 2*k = k - 10. Let i = k + w. What is the units digit of i?
9
Let u = 0 + 3. What is the units digit of (1/u)/(1/9)?
3
Suppose -q - 5*o + 2 = -3*o, 4*o + 20 = q. Let v(w) = -2*w + 3. Let s be v(3). What is the tens digit of (10/s)/(q/(-36))?
1
Let q = 137 - -158. What is the tens digit of q/9 - (-12)/54?
3
Let p be -2 + 2 + 1 + -1. Suppose 3*y = -p + 3. What is the units digit of y?
1
Suppose 2*c - 89 = -4*k + 419, -5*c = -5*k + 665. What is the units digit of k?
9
Suppose 0 = 2*l + 4 + 2. Let c(a) = -a + 4. Let p be c(l). Let u = 16 - p. What is the units digit of u?
9
Suppose 0 = 12*x - 880 - 680. What is the hundreds digit of x?
1
Suppose -h + 0*h - 4*n - 18 = 0, 4*h + 5*n + 28 = 0. What is the tens digit of 6 - -2 - (h + 0)?
1
Suppose j = -2*o - 0*o - 3, 15 = 4*j - o. Suppose j*d + 24 = 7*d. What is the units digit of d?
6
Suppose -7*m + 120 + 48 = 0. What is the units digit of m?
4
Let x be 1/(1/3 + 0). Suppose x*z = -3*w + 3, z + 2 = -2*w + 1. Suppose 0 = -z*y + 7 + 14. What is the units digit of y?
7
Let f(m) be the third derivative of -m**4/24 - m**3/6 - 2*m**2. What is the units digit of f(-3)?
2
Let m = 7 + -1. Let j(u) = -2*u**2 + u**2 - 5*u + u**3 + 0*u**2 - 5*u**2 - m. What is the units digit of j(7)?
8
Suppose -4*u + 2 = -2. What is the units digit of (-7)/3*(-3)/u?
7
Suppose 0 = 3*f, -4*f - f - 30 = -3*q. Suppose -2*d = 4*x, -2*x = -2*d - 2*d - q. Let y = d - -7. What is the units digit of y?
5
Suppose 3*b - 6 = -5*p + 16, -4*p = -b - 21. Suppose -2*a - 2*d - 48 = -5*a, -2*d - 80 = -p*a. What is the tens digit of a?
1
Suppose -3*z = 8 + 1. What is the tens digit of -2 - (-20 - z) - 1?
1
Let n(a) = -3*a - 6. Let l be n(-3). What is the units digit of ((-1 - -4)*l)/1?
9
Let r be -7 + 0 - (1 - 3). Let n = r - -5. Suppose 2*j - 13 = -3*u - 0*j, n = 2*j - 10. What is the units digit of u?
1
Let i be (-90)/(-24) + (-2)/(-8). Suppose t = -t + i. What is the units digit of t?
2
Let g(s) = 13*s + 10. What is the units digit of g(6)?
8
Suppose b + 0*b = 2. Suppose b*x + 6 = 3*x. What is the units digit of x?
6
Suppose 0 = 12*a - 9*a - 897. What is the tens digit of a?
9
Let g(q) = -q + 1. Let j = -6 + 2. Let n = j + 3. What is the units digit of g(n)?
2
Let a = 126 - 99. What is the tens digit of a?
2
Let f be (-6)/(-21) + (-542)/(-14). Suppose -2*v - 4*g = 0, 5*v - 5*g + f = -2*g. What is the units digit of v*(-3 + 1) + -3?
9
Suppose 3*g - 2*i - 197 = 0, g - 193 = -2*g - 2*i. What is the units digit of g?
5
Let m(h) = -h**3 - 4*h**2 + h - 4. What is the units digit of m(-6)?
2
What is the units digit of ((-144)/(-2) - -2) + 5 + -9?
0
What is the tens digit of (5 - 4)/((-1)/(-22))?
2
Suppose 0 = -5*s - 9 - 21. Let v be (-52)/s - (-4)/(-6). Let o(q) = q**3 - 9*q**2 + 8*q + 4. What is the units digit of o(v)?
4
Let g(d) = d**3 + 8*d**2 + 8*d - 4. Suppose -4*t = -5*m - 46, 0*t - t - 8 = 2*m. What is the tens digit of g(m)?
2
Let v = 0 - 2. What is the tens digit of 1 + 10 + (-1 - v)?
1
Suppose 2*o - 19 - 5 = 0. What is the tens digit of o?
1
What is the units digit of (-1)/(-1 - -3)*-2?
1
Let t(i) = i**3 - 11*i**2 - 12*i - 11. Let o be t(12). Let a = o + 32. What is the units digit of a?
1
What is the units digit of ((-2)/4)/(3/(-762)) - 4?
3
What is the units digit of (-4960)/(-45) - (-4)/(-18)?
0
What is the units digit of -4 + (27 - (2 - 0))?
1
Let p(c) = c**2 + 5*c + 7. Let n be -14*2/12*3. What is the tens digit of p(n)?
2
Let p(k) = k**3 - 3*k**2 - 3*k - 2. Suppose 0 = 8*n - 3*n + 10. Let j be p(n). Let u = j - -23. What is the units digit of u?
7
Suppose -3*t = -5*n + 2*n - 6, -4*t = -3*n - 11. Suppose 2*x = l + 22, -48 = -t*x + l - 2*l. What is the units digit of x?
0
Suppose 5*t - 5 = 15. Suppose 0 = t*m - m - 3. Let r = 6 - m. What is the units digit of r?
5
Suppose 68 = 4*u - 12. Let y = -12 + u. Suppose 0*r - 2*r + y = 0. What is the units digit of r?
4
Suppose 5*l + 33 - 123 = 0. Suppose -7*q + 2*q + 12 = -u, u + 5*q = l. What is the units digit of u?
3
Suppose 0 = b + 5*u - 171, -268 = -b + 5*u - 57. Suppose -2*o + o + 52 = 5*l, 5*o + 2*l = b. What is the units digit of o?
7
What is the hundreds digit of (-6727)/(-35) + 2/(-10)?
1
Let p = 8 - -15. Suppose -3*c + 5 = -2*c, -3*c + p = -2*m. Let n(i) = -i**3 - 4*i**2 - i + 2. What is the units digit of n(m)?
6
Suppose 7*n = 6*n + 76. What is the tens digit of n?
7
Let x = 10 - 5. Suppose x*p = p + 24. What is the units digit of p?
6
Let m(x) = x**2 - 7*x - 1. What is the tens digit of m(10)?
2
Let y(w) = 39*w - 5. What is the tens digit of y(5)?
9
Suppose -3*k + 6 = 0, -3 = -i - 2*k + 6*k. What is the units digit of i?
1
Let d be 2/10 - 92/10. Suppose j + 3*y = 5*j + 8, 0 = j - y + 2. What is the units digit of d/(j/(-4)*-3)?
6
Let u(d) = d**2 - 19. What is the tens digit of u(7)?
3
Let v be (0/(-1))/(5 + -7). What is the units digit of -2*(v + 15/(-6))?
5
Let u = -1 + 4. Let s be 18/6 - (-1 - -2). Suppose 6*q + 1 = 2*q - u*w, -s*q + w + 7 = 0. What is the units digit of q?
2
Let p = 120 + -47. What is the units digit of p?
3
Suppose 0*t - 22 = t - 5*j, -13 = 4*t - 5*j. Suppose 4*b = b + 4*p + 44, -p + 27 = 4*b. What is the units digit of t/2*b/12?
1
Suppose 6*u - u = 10. Let k be 488/9 + u/(-9). Suppose 4*z + 3*j + 12 = 53, -5*z + k = j. What is the tens digit of z?
1
Suppose 5*p = -98 - 202. Let f be (p/8)/((-6)/(-8)). Let g = 25 + f. What is the units digit of g?
5
Suppose 0 = -i + 2*i - 2*t + 8, 3*t - 13 = i. Suppose -i = -s - 0. What is the units digit of s?
2
Let w(c) be the third derivative of -c**4/24 + c**3 - 2*c**2. Let p be w(4). Suppose -p*h = -f - 6, h - 2*h = -2*f - 3. What is the units digit of h?
3
Let c(b) be the second derivative of b**4/12 - 5*b**3/6 + 3*b**2/2 + 2*b. Let q be c(6). What is the tens digit of q + 1/(3/6)?
1
Suppose 0 = 2*f - 6*f. Suppose -3*d = 2*d - 150. Suppose -2*m + 5*m - d = f. What is the tens digit of m?
1
Let h be 2/(-8) - (-12)/(-16). Let a be (-1 - h - -1) + 0. Let c = a + 7. What is the units digit of c?
8
Let s = -2 - 0. Let n(y) = -y**3 - 3*y**2 - 4*y - 2. What is the units digit of n(s)?
2
Let y(a) = 0*a**2 + 5*a**2 - 6*a**2 - 8*a + 7. Let k be y(-8). Suppose 2*b - 5 = k. What is the units digit of b?
6
Let k = -30 - -47. Suppose k*d = 19*d - 78. What is the tens digit of d?
3
Suppose 9*p - 538 - 92 = 0. What is the tens digit of p?
7
Let p be (2/(-3))/((-16)/72). Suppose 6*a - p*a = 6. What is the units digit of a?
2
Let q be ((-30)/(-7))/((-3)/42). Let t = -5 - q. Suppose 5*x - t = 25. What is the units digit of x?
6
Suppose -2*a - 5*h + 321 = 0, -4*a + 3*h + 151 = -478. What is the tens digit of a?
5
What is the units digit of (-2)/(-3) - (-3 - (-1050)/(-18))?
2
What is the units digit of 3/18 + 149/6?
5
Let d(v) = -1 + v + 1. What is the unit